-3)/u). Let a be (-3)/6 - 14/(-4). What is the highest common divisor of a and w?
1
Let r be (8/(-10))/((-6)/585). Let w be 2/4*130/5. Calculate the highest common divisor of w and r.
13
Let l = 235 - 69. Suppose 3*o - 14 - l = 0. Suppose 5 = -5*z, -z - 53 = -2*w - 4. What is the highest common factor of o and w?
12
Suppose 8*s + d = 5*s + 257, 3*d = -s + 91. Suppose -3*i + 127 = 5*z, 2*z + 93 = 4*i - 33. Calculate the greatest common factor of i and s.
17
Let o = 254 - 150. What is the greatest common divisor of o and 13?
13
Let z(l) = 2*l - 3. Let k(o) = o. Let f(m) = 3*k(m) - z(m). Let p be f(-6). Let h be (-2)/(-6) + (-89)/p. Calculate the highest common divisor of h and 6.
6
Let f(h) = -3*h**3 - 10*h**2 + 10*h + 5. Let c(y) = -y**3 - y + 1. Let n(w) = 2*c(w) - f(w). Let m be n(-11). Calculate the highest common divisor of 2 and m.
2
Suppose l = -4*l + 15. Suppose -y - 2*y - n - 9 = 0, -3*y = -3*n - l. Let f be y/(-6) + (-220)/(-15). Calculate the highest common factor of 75 and f.
15
Suppose k + 3*k = 0. Suppose -3 = -y - k. What is the highest common factor of y and 3?
3
Let k = 115 - 102. Let u be (-2)/4 + 79/2. Calculate the greatest common factor of u and k.
13
Let r = -4 + 4. Let y = 2 + r. Suppose 0 = 4*f - 28 - 36. Calculate the greatest common divisor of y and f.
2
Suppose 4*o - 3*f = 2 - 9, -5*f = 3*o - 31. What is the greatest common factor of 4 and o?
2
Let l(t) = 2*t**2 + 5*t + 3. Let u be l(-4). Suppose 3*c + g + 0 = 55, 3*g + u = 0. What is the greatest common divisor of 8 and c?
4
Let l(o) = -o + 10. Let v be l(0). Suppose 0 = -q - q + 10, 3*s - 4*q - 10 = 0. What is the greatest common factor of v and s?
10
Suppose -c = -4*c + 30. Suppose 40 = 3*d + d. Suppose -d = 4*p - 30. Calculate the highest common divisor of c and p.
5
Let n = 2 + 0. Suppose n*l = -2*l + 12. What is the greatest common factor of 9 and l?
3
Let g be (4/8 - 0) + (-86)/(-4). What is the highest common divisor of g and 66?
22
Let t = -72 + 156. Let f be (2/(-4))/1*-24. What is the greatest common factor of f and t?
12
Let c be (1/2)/((-2)/(-92)). Suppose 0 = 5*f - m - 166, 3*m - c = 3*f - 125. Let h be (-65)/(-3) - (-1)/3. What is the highest common factor of f and h?
11
Let n be ((-16)/6)/((-4)/30). Suppose -70 = -5*q + n. Let k be -2 - (1 - -3 - 150). Calculate the greatest common divisor of q and k.
18
Suppose 6*x + 4 = 7*x. Calculate the greatest common factor of x and 10.
2
Suppose -2*o = -43 - 41. Let v = o + 42. What is the greatest common divisor of 12 and v?
12
Suppose 2*g - 8 = -3*b, 0*g + 4*b = 4*g - 16. Suppose g*v = -5*c + 40, -2*v - 5*c + 13 = -17. Calculate the highest common divisor of 35 and v.
5
Let f(l) = 7*l - 1. Let y(b) = -15*b + 3. Let d(i) = 13*f(i) + 6*y(i). Let s be d(0). What is the highest common divisor of 20 and s?
5
Suppose 0*h + 199 = 2*h - 5*a, -3*a - 469 = -5*h. Suppose 0*z - 2*z + 36 = p, 2*p = -5*z + h. What is the highest common divisor of z and 8?
4
Let v(r) = -r**2 - 15*r + 3. Let h be v(-14). What is the greatest common factor of 85 and h?
17
Let z(d) = -d**2 + d. Let r be z(1). Suppose 5*m - 4*m + 7 = r. Let s(c) = -c - 4. Let y be s(m). What is the greatest common divisor of 21 and y?
3
Let l = -15 - -11. Let f(g) = -g**3 - 5*g**2 - 5*g + 2. Let n be f(l). Calculate the highest common divisor of 4 and n.
2
Let v(l) = -l**3 - 5*l**2 - 4*l. Let p be v(-5). Calculate the greatest common factor of 4 and p.
4
Let h(y) = -58*y**3 + y**2 - y - 1. Let v be h(-1). Suppose 86 = -3*q - d, 20 = -4*d - 0*d. Let j = v + q. What is the greatest common factor of 8 and j?
8
Let j be (0 + -1 - -2)*11. Suppose h = -2*p - h + 18, -j = -2*p + 5*h. Calculate the greatest common factor of 16 and p.
8
Let g be (18/(-8))/(3/8). Let b = -3 - g. Calculate the greatest common divisor of 1 and b.
1
Let y be 624/9 + 2/3. Suppose -l = l - y. Suppose -5*d + 0*d + 25 = 0. What is the greatest common factor of l and d?
5
Suppose -2 = 4*n - 5*n. Calculate the greatest common factor of 16 and n.
2
Suppose -3*i = -0*i - 63. Let h be 20/3 + 2/6. Calculate the highest common factor of h and i.
7
Suppose 0*i + 3 = i. Calculate the highest common divisor of i and 2.
1
Let d(s) = -s**3 + 19*s**2 - 8*s - 9. Let m be d(18). Calculate the greatest common factor of 19 and m.
19
Let c be (-12 + -4 + 6)/1. Suppose -2*f - 2*n + 28 = -0*n, 0 = 3*n + 15. Let a = c + f. What is the highest common divisor of 27 and a?
9
Let u(c) = -c**2 + 9*c + 11. Let v be u(10). Suppose 4*y + v = 101. Suppose 140 = 5*k + y. Calculate the greatest common factor of k and 207.
23
Suppose 0 = 10*z - 39 - 51. Suppose -22 + 2 = -4*r. Suppose 3*m - r*o = 7, -4*m - 3*o + 58 = 10. Calculate the greatest common divisor of z and m.
9
Let w(p) = -15*p + 12. Let m be w(8). Let v = 372 + m. What is the greatest common divisor of v and 33?
33
Let d(g) = 6*g - 15. Let p = 11 + -5. Let y be d(p). Calculate the highest common divisor of y and 7.
7
Let p(m) = -m**3 + 11*m**2 + 13*m - 4. Suppose 7*q = 2*q + 60. Let c be p(q). What is the highest common factor of c and 12?
4
Suppose 5*c + i = 729, -3*i - 133 = c - 2*c. What is the highest common divisor of c and 5?
5
Let o(l) = -2*l**2 - 3*l - 1. Let h be o(-4). Let u = -9 - h. Calculate the highest common divisor of 84 and u.
12
Let x be (9/(-4))/(8/(-1536)). Calculate the highest common divisor of 54 and x.
54
Let c(o) = 20*o - 7 - 2 + 8 + 3*o. Let g be c(4). Calculate the highest common factor of 13 and g.
13
Suppose 4*c = 5*y + 29, 2*y - 20 = -3*c + 4*y. Let h be (-14)/(-4) - (-3)/(-2). Suppose a - h = c. What is the highest common factor of 88 and a?
8
Let d(a) = -a**3 + 6*a**2 - 5*a + 2. Let m be d(3). Let z be 2*5 + (13 - m). Calculate the greatest common divisor of 36 and z.
9
Let s(d) = -d**2 + 21*d + 51. Let v be s(23). Suppose 5*r = l - 28, l + 4*r - 3*r = 52. Let i = l - 3. Calculate the greatest common divisor of i and v.
5
Suppose 3*m + 2*m - 15 = -4*h, -2*h - 5*m = -15. Suppose h*y = 3*y - 57. Let r be (342/(-8))/(1/(-4)). Calculate the highest common factor of y and r.
19
Let u(g) = 75*g - 6. Let y be u(-3). Let b = y - -462. Calculate the greatest common factor of b and 21.
21
Suppose 2*s = 7 + 17. What is the greatest common divisor of s and 84?
12
Suppose 26 = -14*y + 96. Calculate the greatest common factor of 95 and y.
5
Suppose 3*r + 2*r - 20 = 0. Let i = r + 16. Calculate the highest common divisor of 10 and i.
10
Let a(i) = -i + 10. Let b be a(10). Let q be (-39)/(-1) - (-1 - b). Calculate the greatest common factor of 5 and q.
5
Let n(f) = -f**2 - 9*f - 4. Let h be n(-7). Suppose -h = -2*c, 2*m - 3*c = -c + 4. What is the highest common divisor of m and 70?
7
Suppose c = -c + 22. Calculate the greatest common divisor of 22 and c.
11
Let i(l) = -3 + 0 - 43*l + 4. Let k be i(-7). Let x be k/6 + 1/(-3). Calculate the highest common divisor of x and 125.
25
Suppose 9*k = 17*k - 1664. Calculate the highest common factor of 16 and k.
16
Let h = 3 + -13. Let s be (12/h)/((-2)/60). Let g = s - -4. What is the greatest common divisor of g and 20?
20
Let g = -34 - -62. Suppose 3*n - g = 104. Suppose 0 = -s + 2*s - 4. What is the highest common divisor of n and s?
4
Let n = 6 + 4. Suppose 150 = -3*k + 6*k. What is the highest common divisor of k and n?
10
Suppose -3 = 5*m - 23. Suppose 6 = 3*c, -2*c - 42 = -m*i + 3*c. Calculate the highest common factor of 65 and i.
13
Let q be (-2898)/(-8) + (-5)/20. Suppose -m + 184 = -4*t, -2*m + 0*t + 2*t + q = 0. Calculate the highest common factor of m and 20.
20
Suppose 5*f = 16 - 1. Suppose -5*m = 2*k - 283 - 283, 4*m = f*k + 439. Calculate the greatest common factor of m and 16.
16
Suppose 2*r - 4*p + 12 = 60, 5*p - 31 = -4*r. What is the highest common factor of r and 7?
7
Let x be (12/(-10))/(4/(-10)). Let u(i) = -2*i**2 - 4. Let k be u(x). Let y be (-9)/(-6)*k/(-3). What is the greatest common factor of y and 55?
11
Let d be (-2)/12 + (-676)/(-24). What is the greatest common divisor of 4 and d?
4
Let s = -13 + 23. Let v(r) = 21*r - 1. Let l be v(1). Calculate the greatest common factor of s and l.
10
Let z be 0 + (-3 - (-61 - (-9)/3)). Calculate the highest common divisor of z and 11.
11
Suppose 2*l = -2*u - 2*l + 482, -u - 3*l + 240 = 0. Suppose -4*q - 126 = -4*d + 78, q = -5*d + u. W